{"id":5685,"date":"2019-02-15T11:55:26","date_gmt":"2019-02-15T11:55:26","guid":{"rendered":"http:\/\/www.pros.webs.upv.es\/?page_id=5685"},"modified":"2019-03-27T13:02:33","modified_gmt":"2019-03-27T13:02:33","slug":"gispro","status":"publish","type":"page","link":"https:\/\/pros.webs.upv.es\/site\/projects\/gispro\/","title":{"rendered":"GISPRO:\u00a0Genomic Information Systems Production &#8211; Deciphering the Life Language using the Information Systems Engineering"},"content":{"rendered":"<div class=\"wpb-content-wrapper\"><p>[vc_row full_width=&#8221;stretch_row_content&#8221;][vc_column width=&#8221;2\/3&#8243; css=&#8221;.vc_custom_1461679591584{margin-left: 80px !important;}&#8221;][vc_column_text]<\/p>\n<h1>GISPRO:\u00a0Genomic Information Systems Production &#8211; Deciphering the Life Language using the Information Systems Engineering<\/h1>\n<p style=\"text-align: center;\"><a href=\"https:\/\/www.pros.webs.upv.es\/site\/wp-content\/uploads\/2019\/03\/GISPRO_logo-gif.gif\"><img decoding=\"async\" class=\"aligncenter size-full wp-image-5791\" src=\"https:\/\/www.pros.webs.upv.es\/site\/wp-content\/uploads\/2019\/03\/GISPRO_logo-gif.gif\" alt=\"\" width=\"305\" height=\"95\" \/><\/a>En un contexto cient\u00edfico en el que el estudio de problemas asociados a la Ciencia de los Datos (Data Science) y a la gesti\u00f3n de grandes vol\u00famenes de datos (Big Data) est\u00e1n en continua expansi\u00f3n, c\u00f3mo abordar de forma efectiva, eficiente e innovadora la gesti\u00f3n, explotaci\u00f3n y mantenimiento de Sistemas de Informaci\u00f3n (SI) complejos constituye un problema de enorme inter\u00e9s.<br \/>\nS\u00ed existe un dominio ejemplar para tratar esos problemas de gesti\u00f3n, explotaci\u00f3n y mantenimiento de datos voluminosos, heterog\u00e9neos, complejos en su interpretaci\u00f3n y en cont\u00ednua expansi\u00f3n favorecida por los avances tecnol\u00f3gicos, es el del dise\u00f1o y desarrollo de Sistemas de Informaci\u00f3n Gen\u00f3micos (SIG) que i) posibiliten la gesti\u00f3n efectiva y eficiente de los datos asociados al genoma humano, ii) permitan hacer real el desaf\u00edo de avanzar sin descanso en conseguir descifrar el lenguaje de la vida y iii) puedan ser el soporte de plataformas software que materialicen el conocimiento desarrollado en el \u00e1mbito de una medicina gen\u00f3mica avanzada de precisi\u00f3n como dominio de aplicaci\u00f3n de una relevancia social incontestable.<br \/>\nPara alcanzar esos objetivos es necesario disponer de un soporte s\u00f3lido en el dominio de la Ingenier\u00eda de Sistemas de Informaci\u00f3n y el Modelado Conceptual. Nuestro Centro de Investigaci\u00f3n en M\u00e9todos de Producci\u00f3n de Software (PROS) tiene una amplia experiencia en ese dominio, y capacidad para materializar el proyecto GISPRO (Genomic Information Systems Production &#8211; Deciphering the Life Language using the Information Systems Engineering). GISPRO se nutrir\u00e1 de los resultados de otros proyectos como: ORCA (PROMETEO\/2009\/015) \u201cM\u00e9todos de desarrollo ORientados a la CAlidad de las tecnolog\u00edas de la informaci\u00f3n\u201d, IDEO (PROMETEOII\/2014\/ 039) \u201cServicios Innovadores para Empresas Digitales con ORCA\u201d y DataME (TIN2016-80811-P) \u201cUn m\u00e9todo de producci\u00f3n de software dirigido por modelos para el desarrollo de aplicaciones Big Data\u201d. La meta principal del proyecto GISPRO es utilizar los avances tecnol\u00f3gicos como fuente de innovaci\u00f3n, para ser explotada de manera inteligente y hacer frente a los ambiciosos retos de la sociedad, concretamente: descifrar el lenguaje de la vida.<br \/>\nDurante m\u00e1s de dos d\u00e9cadas hemos investigado, de manera te\u00f3rica y pr\u00e1ctica, los beneficios que el uso de las t\u00e9cnicas m\u00e1s avanzadas en modelado conceptual aportan al correcto desarrollo de Sistemas de Informaci\u00f3n. Durante este tiempo nuestros resultados han abarcado, entre otros, el dise\u00f1o de lenguajes de especificaci\u00f3n formales ejecutables, m\u00e9todos de producci\u00f3n autom\u00e1tica de software basados en modelos conceptuales, t\u00e9cnicas de modelado de requisitos y metas (objetivos), modelado de procesos de negocio, diversas transformaciones entre modelos conceptuales para soportar arquitecturas MDA (\u201cModel-driven Architecture\u201d) y varias plataformas software, siempre en ambientes de desarrollo dirigido por modelos (MDD). Un conjunto extenso de conocimientos que hemos utilizado en diversos \u00e1mbitos de aplicaci\u00f3n pr\u00e1ctica, especialmente orientado al dise\u00f1o e implementaci\u00f3n de sistemas organizacionales. Dicha aplicaci\u00f3n se ha realizado siempre combinando una perspectiva te\u00f3rica robusta, desde el punto de vista metodol\u00f3gico, y una perspectiva pr\u00e1ctica que materialice los resultados con una visi\u00f3n de producto final.<br \/>\nPor tanto, con la intenci\u00f3n de ir un paso m\u00e1s all\u00e1 en este trayecto cient\u00edfico, el proyecto GISPRO va a centrarse en el dise\u00f1o y desarrollo de Sistemas de Informaci\u00f3n, desde una perspectiva de producci\u00f3n seg\u00fan la figura 1 (conceptos que se ver\u00e1n posteriormente en los objetivos y plan de trabajo), para un dominio especialmente complejo, atractivo y relevante para la sociedad, tanto a nivel auton\u00f3mico como a escala mundial: el entendimiento del genoma, y el descifrado del lenguaje de la vida que dicho entendimiento conlleva.<br \/>\nComo planteamiento transversal y para hacer frente a la demanda de la investigaci\u00f3n sanitaria del futuro de una forma rigurosa el proyecto contempla, desde sus inicios y en todas sus fases de desarrollo, la incorporaci\u00f3n de la perspectiva de g\u00e9nero. Esta incorporaci\u00f3n es necesaria ya que en el campo de la salud se est\u00e1 intentando promover cada vez m\u00e1s el estudio de la dimensi\u00f3n de g\u00e9nero, considerando la segregaci\u00f3n por g\u00e9neros y otras variables sociales, al haberse comprobado que tradicionalmente la investigaci\u00f3n en salud no la ha contemplado con la rigurosidad requerida derivando en aproximaciones parciales y estereotipadas, as\u00ed como vac\u00edos de conocimiento que se han trasladado a la pr\u00e1ctica sanitaria actual. Esta variable es un tema donde queda mucho por investigar y que ser\u00e1 de gran inter\u00e9s para la sociedad. Por tanto, la estrategia del proyecto es proporcionar capacidad a los Sistemas de Informaci\u00f3n del \u00e1mbito gen\u00f3mico para gestionar variables de g\u00e9nero tan importantes como (por ejemplo) las del sexo (hombre y mujer), la clase social, la edad, la etnia, para su posterior uso en investigaci\u00f3n gen\u00e9tica\/m\u00e9dica.<br \/>\nDesde la perspectiva metodol\u00f3gica del proyecto, si hay alg\u00fan ejemplo paradigm\u00e1tico de entorno complejo para la gesti\u00f3n de datos, ese es -como se se\u00f1alaba anteriormente- el entorno gen\u00f3mico. Existe adem\u00e1s un \u00e1mbito de aplicaci\u00f3n especialmente significativo, que es el de la Medicina de Precisi\u00f3n (tambi\u00e9n denominada Medicina Personalizada), que aspira a revolucionar la forma de entender y materializar la asistencia sanitaria que estamos acostumbrados a ver. Este \u00e1mbito de aplicaci\u00f3n lo consideramos especialmente relevante para el desarrollo del proyecto desde un punto de vista estrat\u00e9gico, y por ello constituir\u00e1 el caso de estudio que permitir\u00e1 validar la transferencia correcta de los resultados de I+D del proyecto GISPRO.<br \/>\n<a href=\"https:\/\/www.pros.webs.upv.es\/site\/wp-content\/uploads\/2019\/02\/gispro.png\"><img fetchpriority=\"high\" decoding=\"async\" class=\"aligncenter size-full wp-image-5686\" src=\"https:\/\/www.pros.webs.upv.es\/site\/wp-content\/uploads\/2019\/02\/gispro.png\" alt=\"\" width=\"720\" height=\"540\" srcset=\"https:\/\/pros.webs.upv.es\/site\/wp-content\/uploads\/2019\/02\/gispro.png 720w, https:\/\/pros.webs.upv.es\/site\/wp-content\/uploads\/2019\/02\/gispro-300x225.png 300w, https:\/\/pros.webs.upv.es\/site\/wp-content\/uploads\/2019\/02\/gispro-195x146.png 195w, https:\/\/pros.webs.upv.es\/site\/wp-content\/uploads\/2019\/02\/gispro-50x38.png 50w, https:\/\/pros.webs.upv.es\/site\/wp-content\/uploads\/2019\/02\/gispro-576x432.png 576w, https:\/\/pros.webs.upv.es\/site\/wp-content\/uploads\/2019\/02\/gispro-100x75.png 100w, https:\/\/pros.webs.upv.es\/site\/wp-content\/uploads\/2019\/02\/gispro-300x225@2x.png 600w, https:\/\/pros.webs.upv.es\/site\/wp-content\/uploads\/2019\/02\/gispro-195x146@2x.png 390w, https:\/\/pros.webs.upv.es\/site\/wp-content\/uploads\/2019\/02\/gispro-100x75@2x.png 200w\" sizes=\"(max-width: 720px) 100vw, 720px\" \/><\/a><br \/>\nFigura 1. Enfoque global del proyecto GISPRO<\/p>\n<p style=\"text-align: right;\"><a href=\"http:\/\/www.pros.upv.es\/projects\/\">Go Back to\u00a0Projects<\/a><\/p>\n<p>[\/vc_column_text][\/vc_column][vc_column width=&#8221;1\/6&#8243; css=&#8221;.vc_custom_1461679600492{margin-left: 130px !important;background-color: #c4c4c4 !important;}&#8221;][vc_column_text]<b>Main Researcher:<\/b><br \/>\n\u00d3scar Pastor L\u00f3pez<\/p>\n<p><b>Period:\u00a0<\/b>2018 &#8211; 2020<\/p>\n<p><b>Reference:<br \/>\n<\/b>PROMETEO\/2018\/176<\/p>\n<p><b>Funding Organization:<\/b><br \/>\nGeneralitat Valenciana ( Programa PROMETEO para grupos de investigaci\u00f3n de excelencia)<br \/>\n<img decoding=\"async\" class=\"size-full wp-image-2939 alignnone\" src=\"http:\/\/www.pros.upv.es\/site\/wp-content\/uploads\/2015\/09\/uni.jpg\" alt=\"uni\" width=\"176\" height=\"76\" srcset=\"https:\/\/pros.webs.upv.es\/site\/wp-content\/uploads\/2015\/09\/uni.jpg 176w, https:\/\/pros.webs.upv.es\/site\/wp-content\/uploads\/2015\/09\/uni-50x22.jpg 50w, https:\/\/pros.webs.upv.es\/site\/wp-content\/uploads\/2015\/09\/uni-150x65.jpg 150w\" sizes=\"(max-width: 176px) 100vw, 176px\" \/><\/p>\n<p><a href=\"https:\/\/www.pros.webs.upv.es\/site\/wp-content\/uploads\/2016\/11\/LOGOgva176x190.png\"><img loading=\"lazy\" decoding=\"async\" class=\"size-full wp-image-5459 alignleft\" src=\"https:\/\/www.pros.webs.upv.es\/site\/wp-content\/uploads\/2016\/11\/LOGOgva176x190.png\" alt=\"\" width=\"176\" height=\"190\" srcset=\"https:\/\/pros.webs.upv.es\/site\/wp-content\/uploads\/2016\/11\/LOGOgva176x190.png 176w, https:\/\/pros.webs.upv.es\/site\/wp-content\/uploads\/2016\/11\/LOGOgva176x190-135x146.png 135w, https:\/\/pros.webs.upv.es\/site\/wp-content\/uploads\/2016\/11\/LOGOgva176x190-46x50.png 46w, https:\/\/pros.webs.upv.es\/site\/wp-content\/uploads\/2016\/11\/LOGOgva176x190-69x75.png 69w, https:\/\/pros.webs.upv.es\/site\/wp-content\/uploads\/2016\/11\/LOGOgva176x190-46x50@2x.png 92w, https:\/\/pros.webs.upv.es\/site\/wp-content\/uploads\/2016\/11\/LOGOgva176x190-69x75@2x.png 138w\" sizes=\"(max-width: 176px) 100vw, 176px\" \/><\/a><\/p>\n<p>[\/vc_column_text][\/vc_column][vc_column width=&#8221;1\/6&#8243;][vc_column_text]<br \/>\n[\/vc_column_text][\/vc_column][\/vc_row][vc_row][vc_column][vc_empty_space height=&#8221;50px&#8221;][\/vc_column][\/vc_row]<\/p>\n<\/div>","protected":false},"excerpt":{"rendered":"<p>[vc_row full_width=&#8221;stretch_row_content&#8221;][vc_column width=&#8221;2\/3&#8243; css=&#8221;.vc_custom_1461679591584{margin-left: 80px !important;}&#8221;][vc_column_text] GISPRO:\u00a0Genomic Information Systems Production &#8211; Deciphering the Life Language using the Information Systems Engineering [&hellip;]<\/p>\n","protected":false},"author":1,"featured_media":0,"parent":2914,"menu_order":0,"comment_status":"closed","ping_status":"closed","template":"","meta":{"site-sidebar-layout":"no-sidebar","site-content-layout":"plain-container","ast-site-content-layout":"default","site-content-style":"default","site-sidebar-style":"default","ast-global-header-display":"","ast-banner-title-visibility":"","ast-main-header-display":"","ast-hfb-above-header-display":"","ast-hfb-below-header-display":"","ast-hfb-mobile-header-display":"","site-post-title":"disabled","ast-breadcrumbs-content":"","ast-featured-img":"disabled","footer-sml-layout":"","ast-disable-related-posts":"","theme-transparent-header-meta":"","adv-header-id-meta":"","stick-header-meta":"","header-above-stick-meta":"","header-main-stick-meta":"","header-below-stick-meta":"","astra-migrate-meta-layouts":"default","ast-page-background-enabled":"default","ast-page-background-meta":{"desktop":{"background-color":"var(--ast-global-color-4)","background-image":"","background-repeat":"repeat","background-position":"center center","background-size":"auto","background-attachment":"scroll","background-type":"","background-media":"","overlay-type":"","overlay-color":"","overlay-opacity":"","overlay-gradient":""},"tablet":{"background-color":"","background-image":"","background-repeat":"repeat","background-position":"center center","background-size":"auto","background-attachment":"scroll","background-type":"","background-media":"","overlay-type":"","overlay-color":"","overlay-opacity":"","overlay-gradient":""},"mobile":{"background-color":"","background-image":"","background-repeat":"repeat","background-position":"center center","background-size":"auto","background-attachment":"scroll","background-type":"","background-media":"","overlay-type":"","overlay-color":"","overlay-opacity":"","overlay-gradient":""}},"ast-content-background-meta":{"desktop":{"background-color":"var(--ast-global-color-5)","background-image":"","background-repeat":"repeat","background-position":"center center","background-size":"auto","background-attachment":"scroll","background-type":"","background-media":"","overlay-type":"","overlay-color":"","overlay-opacity":"","overlay-gradient":""},"tablet":{"background-color":"var(--ast-global-color-5)","background-image":"","background-repeat":"repeat","background-position":"center center","background-size":"auto","background-attachment":"scroll","background-type":"","background-media":"","overlay-type":"","overlay-color":"","overlay-opacity":"","overlay-gradient":""},"mobile":{"background-color":"var(--ast-global-color-5)","background-image":"","background-repeat":"repeat","background-position":"center center","background-size":"auto","background-attachment":"scroll","background-type":"","background-media":"","overlay-type":"","overlay-color":"","overlay-opacity":"","overlay-gradient":""}},"footnotes":""},"class_list":["post-5685","page","type-page","status-publish","hentry"],"yoast_head":"<!-- This site is optimized with the Yoast SEO plugin v27.3 - https:\/\/yoast.com\/product\/yoast-seo-wordpress\/ -->\n<title>GISPRO:\u00a0Genomic Information Systems Production - Deciphering the Life Language using the Information Systems Engineering - PROS - Research Center on Software Production Methods<\/title>\n<meta name=\"robots\" content=\"index, follow, max-snippet:-1, max-image-preview:large, max-video-preview:-1\" \/>\n<link rel=\"canonical\" href=\"https:\/\/pros.webs.upv.es\/site\/projects\/gispro\/\" \/>\n<meta property=\"og:locale\" content=\"en_GB\" \/>\n<meta property=\"og:type\" content=\"article\" \/>\n<meta property=\"og:title\" content=\"GISPRO:\u00a0Genomic Information Systems Production - Deciphering the Life Language using the Information Systems Engineering - PROS - Research Center on Software Production Methods\" \/>\n<meta property=\"og:description\" content=\"[vc_row full_width=&#8221;stretch_row_content&#8221;][vc_column width=&#8221;2\/3&#8243; css=&#8221;.vc_custom_1461679591584{margin-left: 80px !important;}&#8221;][vc_column_text] GISPRO:\u00a0Genomic Information Systems Production &#8211; Deciphering the Life Language using the Information Systems Engineering [&hellip;]\" \/>\n<meta property=\"og:url\" content=\"https:\/\/pros.webs.upv.es\/site\/projects\/gispro\/\" \/>\n<meta property=\"og:site_name\" content=\"PROS - Research Center on Software Production Methods\" \/>\n<meta property=\"article:publisher\" content=\"https:\/\/www.facebook.com\/CentroPROS\" \/>\n<meta property=\"article:modified_time\" content=\"2019-03-27T13:02:33+00:00\" \/>\n<meta property=\"og:image\" content=\"https:\/\/www.pros.webs.upv.es\/site\/wp-content\/uploads\/2019\/03\/GISPRO_logo-gif.gif\" \/>\n<meta name=\"twitter:card\" content=\"summary_large_image\" \/>\n<meta name=\"twitter:site\" content=\"@CentroPROS\" \/>\n<meta name=\"twitter:label1\" content=\"Estimated reading time\" \/>\n\t<meta name=\"twitter:data1\" content=\"5 minutes\" \/>\n<script type=\"application\/ld+json\" class=\"yoast-schema-graph\">{\"@context\":\"https:\\\/\\\/schema.org\",\"@graph\":[{\"@type\":\"WebPage\",\"@id\":\"https:\\\/\\\/pros.webs.upv.es\\\/site\\\/projects\\\/gispro\\\/\",\"url\":\"https:\\\/\\\/pros.webs.upv.es\\\/site\\\/projects\\\/gispro\\\/\",\"name\":\"GISPRO:\u00a0Genomic Information Systems Production - Deciphering the Life Language using the Information Systems Engineering - PROS - Research Center on Software Production Methods\",\"isPartOf\":{\"@id\":\"https:\\\/\\\/pros.webs.upv.es\\\/site\\\/#website\"},\"primaryImageOfPage\":{\"@id\":\"https:\\\/\\\/pros.webs.upv.es\\\/site\\\/projects\\\/gispro\\\/#primaryimage\"},\"image\":{\"@id\":\"https:\\\/\\\/pros.webs.upv.es\\\/site\\\/projects\\\/gispro\\\/#primaryimage\"},\"thumbnailUrl\":\"https:\\\/\\\/www.pros.webs.upv.es\\\/site\\\/wp-content\\\/uploads\\\/2019\\\/03\\\/GISPRO_logo-gif.gif\",\"datePublished\":\"2019-02-15T11:55:26+00:00\",\"dateModified\":\"2019-03-27T13:02:33+00:00\",\"breadcrumb\":{\"@id\":\"https:\\\/\\\/pros.webs.upv.es\\\/site\\\/projects\\\/gispro\\\/#breadcrumb\"},\"inLanguage\":\"en-GB\",\"potentialAction\":[{\"@type\":\"ReadAction\",\"target\":[\"https:\\\/\\\/pros.webs.upv.es\\\/site\\\/projects\\\/gispro\\\/\"]}]},{\"@type\":\"ImageObject\",\"inLanguage\":\"en-GB\",\"@id\":\"https:\\\/\\\/pros.webs.upv.es\\\/site\\\/projects\\\/gispro\\\/#primaryimage\",\"url\":\"https:\\\/\\\/www.pros.webs.upv.es\\\/site\\\/wp-content\\\/uploads\\\/2019\\\/03\\\/GISPRO_logo-gif.gif\",\"contentUrl\":\"https:\\\/\\\/www.pros.webs.upv.es\\\/site\\\/wp-content\\\/uploads\\\/2019\\\/03\\\/GISPRO_logo-gif.gif\"},{\"@type\":\"BreadcrumbList\",\"@id\":\"https:\\\/\\\/pros.webs.upv.es\\\/site\\\/projects\\\/gispro\\\/#breadcrumb\",\"itemListElement\":[{\"@type\":\"ListItem\",\"position\":1,\"name\":\"Home\",\"item\":\"https:\\\/\\\/pros.webs.upv.es\\\/site\\\/\"},{\"@type\":\"ListItem\",\"position\":2,\"name\":\"Projects\",\"item\":\"https:\\\/\\\/pros.webs.upv.es\\\/site\\\/projects\\\/\"},{\"@type\":\"ListItem\",\"position\":3,\"name\":\"GISPRO:\u00a0Genomic Information Systems Production &#8211; Deciphering the Life Language using the Information Systems Engineering\"}]},{\"@type\":\"WebSite\",\"@id\":\"https:\\\/\\\/pros.webs.upv.es\\\/site\\\/#website\",\"url\":\"https:\\\/\\\/pros.webs.upv.es\\\/site\\\/\",\"name\":\"PROS - Research Center on Software Production Methods\",\"description\":\"research, software engineering, model-driven development, testing, Internet of things, genomics\",\"publisher\":{\"@id\":\"https:\\\/\\\/pros.webs.upv.es\\\/site\\\/#organization\"},\"potentialAction\":[{\"@type\":\"SearchAction\",\"target\":{\"@type\":\"EntryPoint\",\"urlTemplate\":\"https:\\\/\\\/pros.webs.upv.es\\\/site\\\/?s={search_term_string}\"},\"query-input\":{\"@type\":\"PropertyValueSpecification\",\"valueRequired\":true,\"valueName\":\"search_term_string\"}}],\"inLanguage\":\"en-GB\"},{\"@type\":\"Organization\",\"@id\":\"https:\\\/\\\/pros.webs.upv.es\\\/site\\\/#organization\",\"name\":\"PROS Research Center on Software Production Methods\",\"url\":\"https:\\\/\\\/pros.webs.upv.es\\\/site\\\/\",\"logo\":{\"@type\":\"ImageObject\",\"inLanguage\":\"en-GB\",\"@id\":\"https:\\\/\\\/pros.webs.upv.es\\\/site\\\/#\\\/schema\\\/logo\\\/image\\\/\",\"url\":\"https:\\\/\\\/www.pros.webs.upv.es\\\/site\\\/wp-content\\\/uploads\\\/2017\\\/12\\\/logo_PROS_no_sticky.png\",\"contentUrl\":\"https:\\\/\\\/www.pros.webs.upv.es\\\/site\\\/wp-content\\\/uploads\\\/2017\\\/12\\\/logo_PROS_no_sticky.png\",\"width\":1181,\"height\":500,\"caption\":\"PROS Research Center on Software Production Methods\"},\"image\":{\"@id\":\"https:\\\/\\\/pros.webs.upv.es\\\/site\\\/#\\\/schema\\\/logo\\\/image\\\/\"},\"sameAs\":[\"https:\\\/\\\/www.facebook.com\\\/CentroPROS\",\"https:\\\/\\\/x.com\\\/CentroPROS\",\"https:\\\/\\\/www.linkedin.com\\\/company\\\/pros-research-center\\\/\"]}]}<\/script>\n<!-- \/ Yoast SEO plugin. -->","yoast_head_json":{"title":"GISPRO:\u00a0Genomic Information Systems Production - Deciphering the Life Language using the Information Systems Engineering - PROS - Research Center on Software Production Methods","robots":{"index":"index","follow":"follow","max-snippet":"max-snippet:-1","max-image-preview":"max-image-preview:large","max-video-preview":"max-video-preview:-1"},"canonical":"https:\/\/pros.webs.upv.es\/site\/projects\/gispro\/","og_locale":"en_GB","og_type":"article","og_title":"GISPRO:\u00a0Genomic Information Systems Production - Deciphering the Life Language using the Information Systems Engineering - PROS - Research Center on Software Production Methods","og_description":"[vc_row full_width=&#8221;stretch_row_content&#8221;][vc_column width=&#8221;2\/3&#8243; css=&#8221;.vc_custom_1461679591584{margin-left: 80px !important;}&#8221;][vc_column_text] GISPRO:\u00a0Genomic Information Systems Production &#8211; Deciphering the Life Language using the Information Systems Engineering [&hellip;]","og_url":"https:\/\/pros.webs.upv.es\/site\/projects\/gispro\/","og_site_name":"PROS - Research Center on Software Production Methods","article_publisher":"https:\/\/www.facebook.com\/CentroPROS","article_modified_time":"2019-03-27T13:02:33+00:00","og_image":[{"url":"https:\/\/www.pros.webs.upv.es\/site\/wp-content\/uploads\/2019\/03\/GISPRO_logo-gif.gif","type":"","width":"","height":""}],"twitter_card":"summary_large_image","twitter_site":"@CentroPROS","twitter_misc":{"Estimated reading time":"5 minutes"},"schema":{"@context":"https:\/\/schema.org","@graph":[{"@type":"WebPage","@id":"https:\/\/pros.webs.upv.es\/site\/projects\/gispro\/","url":"https:\/\/pros.webs.upv.es\/site\/projects\/gispro\/","name":"GISPRO:\u00a0Genomic Information Systems Production - Deciphering the Life Language using the Information Systems Engineering - PROS - Research Center on Software Production Methods","isPartOf":{"@id":"https:\/\/pros.webs.upv.es\/site\/#website"},"primaryImageOfPage":{"@id":"https:\/\/pros.webs.upv.es\/site\/projects\/gispro\/#primaryimage"},"image":{"@id":"https:\/\/pros.webs.upv.es\/site\/projects\/gispro\/#primaryimage"},"thumbnailUrl":"https:\/\/www.pros.webs.upv.es\/site\/wp-content\/uploads\/2019\/03\/GISPRO_logo-gif.gif","datePublished":"2019-02-15T11:55:26+00:00","dateModified":"2019-03-27T13:02:33+00:00","breadcrumb":{"@id":"https:\/\/pros.webs.upv.es\/site\/projects\/gispro\/#breadcrumb"},"inLanguage":"en-GB","potentialAction":[{"@type":"ReadAction","target":["https:\/\/pros.webs.upv.es\/site\/projects\/gispro\/"]}]},{"@type":"ImageObject","inLanguage":"en-GB","@id":"https:\/\/pros.webs.upv.es\/site\/projects\/gispro\/#primaryimage","url":"https:\/\/www.pros.webs.upv.es\/site\/wp-content\/uploads\/2019\/03\/GISPRO_logo-gif.gif","contentUrl":"https:\/\/www.pros.webs.upv.es\/site\/wp-content\/uploads\/2019\/03\/GISPRO_logo-gif.gif"},{"@type":"BreadcrumbList","@id":"https:\/\/pros.webs.upv.es\/site\/projects\/gispro\/#breadcrumb","itemListElement":[{"@type":"ListItem","position":1,"name":"Home","item":"https:\/\/pros.webs.upv.es\/site\/"},{"@type":"ListItem","position":2,"name":"Projects","item":"https:\/\/pros.webs.upv.es\/site\/projects\/"},{"@type":"ListItem","position":3,"name":"GISPRO:\u00a0Genomic Information Systems Production &#8211; Deciphering the Life Language using the Information Systems Engineering"}]},{"@type":"WebSite","@id":"https:\/\/pros.webs.upv.es\/site\/#website","url":"https:\/\/pros.webs.upv.es\/site\/","name":"PROS - Research Center on Software Production Methods","description":"research, software engineering, model-driven development, testing, Internet of things, genomics","publisher":{"@id":"https:\/\/pros.webs.upv.es\/site\/#organization"},"potentialAction":[{"@type":"SearchAction","target":{"@type":"EntryPoint","urlTemplate":"https:\/\/pros.webs.upv.es\/site\/?s={search_term_string}"},"query-input":{"@type":"PropertyValueSpecification","valueRequired":true,"valueName":"search_term_string"}}],"inLanguage":"en-GB"},{"@type":"Organization","@id":"https:\/\/pros.webs.upv.es\/site\/#organization","name":"PROS Research Center on Software Production Methods","url":"https:\/\/pros.webs.upv.es\/site\/","logo":{"@type":"ImageObject","inLanguage":"en-GB","@id":"https:\/\/pros.webs.upv.es\/site\/#\/schema\/logo\/image\/","url":"https:\/\/www.pros.webs.upv.es\/site\/wp-content\/uploads\/2017\/12\/logo_PROS_no_sticky.png","contentUrl":"https:\/\/www.pros.webs.upv.es\/site\/wp-content\/uploads\/2017\/12\/logo_PROS_no_sticky.png","width":1181,"height":500,"caption":"PROS Research Center on Software Production Methods"},"image":{"@id":"https:\/\/pros.webs.upv.es\/site\/#\/schema\/logo\/image\/"},"sameAs":["https:\/\/www.facebook.com\/CentroPROS","https:\/\/x.com\/CentroPROS","https:\/\/www.linkedin.com\/company\/pros-research-center\/"]}]}},"_links":{"self":[{"href":"https:\/\/pros.webs.upv.es\/site\/wp-json\/wp\/v2\/pages\/5685","targetHints":{"allow":["GET"]}}],"collection":[{"href":"https:\/\/pros.webs.upv.es\/site\/wp-json\/wp\/v2\/pages"}],"about":[{"href":"https:\/\/pros.webs.upv.es\/site\/wp-json\/wp\/v2\/types\/page"}],"author":[{"embeddable":true,"href":"https:\/\/pros.webs.upv.es\/site\/wp-json\/wp\/v2\/users\/1"}],"replies":[{"embeddable":true,"href":"https:\/\/pros.webs.upv.es\/site\/wp-json\/wp\/v2\/comments?post=5685"}],"version-history":[{"count":11,"href":"https:\/\/pros.webs.upv.es\/site\/wp-json\/wp\/v2\/pages\/5685\/revisions"}],"predecessor-version":[{"id":5792,"href":"https:\/\/pros.webs.upv.es\/site\/wp-json\/wp\/v2\/pages\/5685\/revisions\/5792"}],"up":[{"embeddable":true,"href":"https:\/\/pros.webs.upv.es\/site\/wp-json\/wp\/v2\/pages\/2914"}],"wp:attachment":[{"href":"https:\/\/pros.webs.upv.es\/site\/wp-json\/wp\/v2\/media?parent=5685"}],"curies":[{"name":"wp","href":"https:\/\/api.w.org\/{rel}","templated":true}]}}